{"id":56,"date":"2025-09-17T20:11:27","date_gmt":"2025-09-17T20:11:27","guid":{"rendered":"https:\/\/repnavpy.com.py\/?page_id=56"},"modified":"2025-10-27T14:27:21","modified_gmt":"2025-10-27T17:27:21","slug":"inicio","status":"publish","type":"page","link":"https:\/\/repnavpy.com.py\/","title":{"rendered":"Inicio"},"content":{"rendered":"\n<figure class=\"wp-block-video alignfull\"><video height=\"720\" style=\"aspect-ratio: 1280 \/ 720;\" width=\"1280\" autoplay loop muted preload=\"auto\" src=\"https:\/\/repnavpy.com.py\/wp-content\/uploads\/2025\/09\/Video-de-WhatsApp-2025-07-31-a-las-17.27.41_d73e97d4.mp4\"><\/video><\/figure>\n\n\n\n<div class=\"wp-block-cover alignfull wp-duotone-rgb3643151-rgb61136255-1\" style=\"margin-top:0;padding-top:4vw;padding-right:4vw;padding-bottom:4vw;padding-left:4vw;min-height:418px;aspect-ratio:unset;\"><img decoding=\"async\" class=\"wp-block-cover__image-background wp-image-334\" alt=\"\" src=\"https:\/\/pd.w.org\/2022\/01\/2661f82cd1ba9172.16386413.jpg\" style=\"object-position:50% 51%\" data-object-fit=\"cover\" data-object-position=\"50% 51%\"\/><span aria-hidden=\"true\" class=\"wp-block-cover__background has-background-dim-90 has-background-dim\" style=\"background-color:#2c3066\"><\/span><div class=\"wp-block-cover__inner-container is-layout-flow wp-block-cover-is-layout-flow\">\n<h1 class=\"wp-block-heading has-text-align-center has-theme-palette-7-color has-text-color has-link-color wp-elements-c2c8eb1e885afc41c9b20a8d2b63764a\" style=\"font-size:65px\"><strong>Soluciones Integrales para <br>la Industria Naval en <br>Paraguay<\/strong><\/h1>\n<\/div><\/div>\n\n\n\n<h1 class=\"wp-block-heading alignwide has-text-align-center has-larger-font-size\" style=\"padding-top:var(--wp--preset--spacing--20);padding-bottom:var(--wp--preset--spacing--20)\"><strong>Experiencia comprobada, infraestructura de primer nivel y calidad certificada para garantizar la m\u00e1xima operatividad de sus embarcaciones.<\/strong><\/h1>\n\n\n\n<div class=\"wp-block-buttons alignwide is-content-justification-center is-layout-flex wp-container-core-buttons-is-layout-d9cd0f1e wp-block-buttons-is-layout-flex\">\n<div class=\"wp-block-button has-custom-width wp-block-button__width-50\"><a class=\"wp-block-button__link has-large-font-size has-custom-font-size wp-element-button\" href=\"https:\/\/repnavpy.com.py\/index.php\/servicios\/\"><strong>Ver Nuestros Servicios<\/strong><\/a><\/div>\n\n\n\n<div class=\"wp-block-button is-style-outline is-style-outline--2\"><a class=\"wp-block-button__link has-theme-palette-7-color has-text-color has-background has-link-color has-large-font-size has-custom-font-size wp-element-button\" href=\"https:\/\/repnavpy.com.py\/index.php\/contacto\/\" style=\"background-color:#f16c00\"><strong>Cont\u00e1ctenos<\/strong><\/a><\/div>\n<\/div>\n\n\n\n<h2 class=\"wp-block-heading alignwide has-text-align-center has-theme-palette-1-color has-text-color has-link-color has-larger-font-size wp-elements-0aa500b5254418351342186a2bcc8289\"><strong>Nuestras Soluciones para su Flota<\/strong><\/h2>\n\n\n\n<div class=\"wp-block-columns alignwide is-layout-flex wp-container-core-columns-is-layout-9d6595d7 wp-block-columns-is-layout-flex\">\n<div class=\"wp-block-column is-layout-flow wp-block-column-is-layout-flow\"><div class=\"wp-block-image\">\n<figure class=\"aligncenter size-full is-resized\"><img loading=\"lazy\" decoding=\"async\" width=\"964\" height=\"970\" src=\"https:\/\/repnavpy.com.py\/wp-content\/uploads\/2025\/10\/Soldadura.png\" alt=\"\" class=\"wp-image-102\" style=\"width:auto;height:150px\" srcset=\"https:\/\/repnavpy.com.py\/wp-content\/uploads\/2025\/10\/Soldadura.png 964w, https:\/\/repnavpy.com.py\/wp-content\/uploads\/2025\/10\/Soldadura-298x300.png 298w, https:\/\/repnavpy.com.py\/wp-content\/uploads\/2025\/10\/Soldadura-150x150.png 150w, https:\/\/repnavpy.com.py\/wp-content\/uploads\/2025\/10\/Soldadura-768x773.png 768w\" sizes=\"auto, (max-width: 964px) 100vw, 964px\" \/><\/figure>\n<\/div>\n\n\n<h2 class=\"wp-block-heading alignwide has-text-align-center\"><mark style=\"background-color:rgba(0, 0, 0, 0)\" class=\"has-inline-color has-theme-palette-2-color\"><strong>Reparaci\u00f3n y Mantenimiento<\/strong><\/mark><\/h2>\n\n\n\n<h4 class=\"wp-block-heading has-text-align-center\">Realizamos trabajos de calderer\u00eda, soldadura y mantenimiento de cascos con personal certificado.<\/h4>\n<\/div>\n\n\n\n<div class=\"wp-block-column is-layout-flow wp-block-column-is-layout-flow\"><div class=\"wp-block-image\">\n<figure class=\"aligncenter size-full is-resized\"><img loading=\"lazy\" decoding=\"async\" width=\"302\" height=\"319\" src=\"https:\/\/repnavpy.com.py\/wp-content\/uploads\/2025\/10\/pintura.png\" alt=\"\" class=\"wp-image-93\" style=\"width:auto;height:150px\" srcset=\"https:\/\/repnavpy.com.py\/wp-content\/uploads\/2025\/10\/pintura.png 302w, https:\/\/repnavpy.com.py\/wp-content\/uploads\/2025\/10\/pintura-284x300.png 284w\" sizes=\"auto, (max-width: 302px) 100vw, 302px\" \/><\/figure>\n<\/div>\n\n\n<h2 class=\"wp-block-heading alignwide has-text-align-center\"><mark style=\"background-color:rgba(0, 0, 0, 0)\" class=\"has-inline-color has-theme-palette-2-color\"><strong>Tratamiento de Superficies<\/strong><\/mark><\/h2>\n\n\n\n<h4 class=\"wp-block-heading has-text-align-center\">Servicios de arenado y pintura de alta performance para garantizar la m\u00e1xima protecci\u00f3n y durabilidad.<\/h4>\n<\/div>\n\n\n\n<div class=\"wp-block-column is-layout-flow wp-block-column-is-layout-flow\"><div class=\"wp-block-image\">\n<figure class=\"aligncenter size-full is-resized\"><img loading=\"lazy\" decoding=\"async\" width=\"1088\" height=\"960\" src=\"https:\/\/repnavpy.com.py\/wp-content\/uploads\/2025\/10\/mecanica-repnavpy.png\" alt=\"\" class=\"wp-image-182\" style=\"width:auto;height:150px\" srcset=\"https:\/\/repnavpy.com.py\/wp-content\/uploads\/2025\/10\/mecanica-repnavpy.png 1088w, https:\/\/repnavpy.com.py\/wp-content\/uploads\/2025\/10\/mecanica-repnavpy-300x265.png 300w, https:\/\/repnavpy.com.py\/wp-content\/uploads\/2025\/10\/mecanica-repnavpy-1024x904.png 1024w, https:\/\/repnavpy.com.py\/wp-content\/uploads\/2025\/10\/mecanica-repnavpy-768x678.png 768w\" sizes=\"auto, (max-width: 1088px) 100vw, 1088px\" \/><\/figure>\n<\/div>\n\n\n<h2 class=\"wp-block-heading has-text-align-center\"><mark style=\"background-color:rgba(0, 0, 0, 0)\" class=\"has-inline-color has-theme-palette-2-color\"><strong>Mec\u00e1nica y Propulsi\u00f3n<\/strong><\/mark><\/h2>\n\n\n\n<h4 class=\"wp-block-heading has-text-align-center\">Ofrecemos mantenimiento, reparaci\u00f3n y mec\u00e1nica naval general para asegurar la m\u00e1xima eficiencia de su embarcaci\u00f3n.<\/h4>\n<\/div>\n<\/div>\n\n\n\n<div class=\"wp-block-cover alignwide wp-duotone-rgb3643151-rgb61136255-3\" style=\"margin-top:0;padding-top:4vw;padding-right:4vw;padding-bottom:4vw;padding-left:4vw;min-height:649px;aspect-ratio:unset;\"><img decoding=\"async\" class=\"wp-block-cover__image-background wp-image-334\" alt=\"\" src=\"https:\/\/pd.w.org\/2022\/01\/2661f82cd1ba9172.16386413.jpg\" style=\"object-position:50% 51%\" data-object-fit=\"cover\" data-object-position=\"50% 51%\"\/><span aria-hidden=\"true\" class=\"wp-block-cover__background has-background-dim-90 has-background-dim\" style=\"background-color:#2c3066\"><\/span><div class=\"wp-block-cover__inner-container is-layout-flow wp-block-cover-is-layout-flow\">\n<div class=\"wp-block-group\"><div class=\"wp-block-group__inner-container is-layout-flow wp-block-group-is-layout-flow\">\n<p class=\"has-text-align-center has-text-color\" style=\"color:#ffb23d;font-size:80px\"><mark style=\"background-color:rgba(0, 0, 0, 0)\" class=\"has-inline-color has-theme-palette-7-color\"><strong>\u00bfListo para optimizar el rendimiento de su flota?<\/strong><\/mark><\/p>\n<\/div><\/div>\n\n\n\n<p><\/p>\n\n\n\n<div class=\"wp-block-group\"><div class=\"wp-block-group__inner-container is-layout-flow wp-block-group-is-layout-flow\">\n<div class=\"wp-block-buttons is-content-justification-center is-layout-flex wp-container-core-buttons-is-layout-16018d1d wp-block-buttons-is-layout-flex\">\n<div class=\"wp-block-button\"><a class=\"wp-block-button__link has-theme-palette-7-color has-text-color has-background has-custom-font-size wp-element-button\" href=\"https:\/\/repnavpy.com.py\/index.php\/contacto\/\" style=\"background-color:#f16c00;padding-top:32px;padding-right:48px;padding-bottom:32px;padding-left:48px;font-size:30px;font-style:normal;font-weight:800;letter-spacing:1px;text-transform:uppercase\">solicitar cotizacion<\/a><\/div>\n<\/div>\n<\/div><\/div>\n<\/div><\/div>\n\n\n\n<p><\/p>\n","protected":false},"excerpt":{"rendered":"<p>Experiencia comprobada, infraestructura de primer nivel y calidad certificada para garantizar la m\u00e1xima operatividad de sus embarcaciones. Nuestras Soluciones para su Flota Reparaci\u00f3n y Mantenimiento Realizamos trabajos de calderer\u00eda, soldadura y mantenimiento de cascos con personal certificado. Tratamiento de Superficies Servicios de arenado y pintura de alta performance para garantizar la m\u00e1xima protecci\u00f3n y durabilidad&#8230;.<\/p>\n","protected":false},"author":1,"featured_media":0,"parent":0,"menu_order":0,"comment_status":"closed","ping_status":"closed","template":"","meta":{"_kadence_starter_templates_imported_post":false,"_kad_post_transparent":"default","_kad_post_title":"default","_kad_post_layout":"fullwidth","_kad_post_sidebar_id":"","_kad_post_content_style":"default","_kad_post_vertical_padding":"default","_kad_post_feature":"","_kad_post_feature_position":"","_kad_post_header":false,"_kad_post_footer":false,"footnotes":""},"class_list":["post-56","page","type-page","status-publish","hentry"],"_links":{"self":[{"href":"https:\/\/repnavpy.com.py\/index.php\/wp-json\/wp\/v2\/pages\/56","targetHints":{"allow":["GET"]}}],"collection":[{"href":"https:\/\/repnavpy.com.py\/index.php\/wp-json\/wp\/v2\/pages"}],"about":[{"href":"https:\/\/repnavpy.com.py\/index.php\/wp-json\/wp\/v2\/types\/page"}],"author":[{"embeddable":true,"href":"https:\/\/repnavpy.com.py\/index.php\/wp-json\/wp\/v2\/users\/1"}],"replies":[{"embeddable":true,"href":"https:\/\/repnavpy.com.py\/index.php\/wp-json\/wp\/v2\/comments?post=56"}],"version-history":[{"count":49,"href":"https:\/\/repnavpy.com.py\/index.php\/wp-json\/wp\/v2\/pages\/56\/revisions"}],"predecessor-version":[{"id":236,"href":"https:\/\/repnavpy.com.py\/index.php\/wp-json\/wp\/v2\/pages\/56\/revisions\/236"}],"wp:attachment":[{"href":"https:\/\/repnavpy.com.py\/index.php\/wp-json\/wp\/v2\/media?parent=56"}],"curies":[{"name":"wp","href":"https:\/\/api.w.org\/{rel}","templated":true}]}}