{"id":62,"date":"2025-09-17T20:12:21","date_gmt":"2025-09-17T20:12:21","guid":{"rendered":"https:\/\/repnavpy.com.py\/?page_id=62"},"modified":"2025-10-16T20:10:00","modified_gmt":"2025-10-16T20:10:00","slug":"infraestructura-y-capacidad","status":"publish","type":"page","link":"https:\/\/repnavpy.com.py\/index.php\/infraestructura-y-capacidad\/","title":{"rendered":"Infraestructura"},"content":{"rendered":"\n<div class=\"wp-block-cover alignfull wp-duotone-rgb3643151-rgb61136255-1\" style=\"margin-top:0;padding-top:4vw;padding-right:4vw;padding-bottom:4vw;padding-left:4vw;min-height:418px;aspect-ratio:unset;\"><img decoding=\"async\" class=\"wp-block-cover__image-background wp-image-334\" alt=\"\" src=\"https:\/\/pd.w.org\/2022\/01\/2661f82cd1ba9172.16386413.jpg\" style=\"object-position:49% 43%\" data-object-fit=\"cover\" data-object-position=\"49% 43%\"\/><span aria-hidden=\"true\" class=\"wp-block-cover__background has-background-dim-90 has-background-dim\" style=\"background-color:#2c3066\"><\/span><div class=\"wp-block-cover__inner-container is-layout-flow wp-block-cover-is-layout-flow\">\n<h1 class=\"wp-block-heading has-text-align-center has-theme-palette-7-color has-text-color has-link-color wp-elements-287157ceb9699cea29d23387bbed2099\" style=\"font-size:65px\"><strong>Infraestructura de Vanguardia para la M\u00e1xima Eficiencia<\/strong><\/h1>\n<\/div><\/div>\n\n\n\n<div class=\"wp-block-group is-nowrap is-layout-flex wp-container-core-group-is-layout-e3e06330 wp-block-group-is-layout-flex\">\n<h2 class=\"wp-block-heading\"> <\/h2>\n<\/div>\n\n\n\n<div class=\"wp-block-columns is-layout-flex wp-container-core-columns-is-layout-9d6595d7 wp-block-columns-is-layout-flex\">\n<div class=\"wp-block-column is-vertically-aligned-center is-layout-flow wp-block-column-is-layout-flow\">\n<figure class=\"wp-block-image size-full\"><img loading=\"lazy\" decoding=\"async\" width=\"1280\" height=\"800\" src=\"https:\/\/repnavpy.com.py\/wp-content\/uploads\/2025\/10\/generated-image-1.png\" alt=\"\" class=\"wp-image-186\" srcset=\"https:\/\/repnavpy.com.py\/wp-content\/uploads\/2025\/10\/generated-image-1.png 1280w, https:\/\/repnavpy.com.py\/wp-content\/uploads\/2025\/10\/generated-image-1-300x188.png 300w, https:\/\/repnavpy.com.py\/wp-content\/uploads\/2025\/10\/generated-image-1-1024x640.png 1024w, https:\/\/repnavpy.com.py\/wp-content\/uploads\/2025\/10\/generated-image-1-768x480.png 768w\" sizes=\"auto, (max-width: 1280px) 100vw, 1280px\" \/><\/figure>\n<\/div>\n\n\n\n<div class=\"wp-block-column is-vertically-aligned-center is-layout-flow wp-block-column-is-layout-flow\">\n<h1 class=\"wp-block-heading has-text-align-center has-theme-palette-1-color has-text-color has-link-color wp-elements-da0ca240e159799676ede29ace07151b\"><strong>Capacidad para Operar sin Pausas<\/strong><\/h1>\n\n\n\n<div class=\"wp-block-group is-content-justification-space-between is-nowrap is-layout-flex wp-container-core-group-is-layout-0dfbf163 wp-block-group-is-layout-flex\">\n<blockquote class=\"wp-block-quote has-theme-palette-2-color has-text-color has-link-color wp-elements-b4877d614f5c245e94712e048ff51c7a is-layout-flow wp-block-quote-is-layout-flow\">\n<h1 class=\"wp-block-heading has-theme-palette-2-color has-text-color has-link-color wp-elements-c66fc16cf9677c569716da36e2cad72a\" style=\"font-size:74px\"><strong>6<\/strong><\/h1>\n\n\n\n<p style=\"margin-top:0;margin-bottom:0;font-size:32px\"><strong>Barcazas en simult\u00e1neo<\/strong><\/p>\n<\/blockquote>\n<\/div>\n\n\n\n<p class=\"has-medium-font-size\"><strong>Contamos con la capacidad para operar en hasta 6 barcazas de forma simult\u00e1nea (4 en seco y 2 a flote), optimizando sus tiempos y reduciendo la inactividad de su flota. Nuestro varadero cuenta con 180 metros de longitud y 40 metros de ancho, ofreciendo un espacio amplio y seguro para todas las operaciones.<\/strong><\/p>\n<\/div>\n<\/div>\n\n\n\n<p style=\"border-style:none;border-width:0px;padding-top:0;padding-bottom:0\"><\/p>\n\n\n\n<div class=\"wp-block-group is-nowrap is-layout-flex wp-container-core-group-is-layout-ad2f72ca wp-block-group-is-layout-flex\">\n<h2 class=\"wp-block-heading\">  <\/h2>\n<\/div>\n\n\n\n<div class=\"wp-block-columns are-vertically-aligned-center is-layout-flex wp-container-core-columns-is-layout-9d6595d7 wp-block-columns-is-layout-flex\">\n<div class=\"wp-block-column is-vertically-aligned-center is-layout-flow wp-block-column-is-layout-flow\">\n<h2 class=\"wp-block-heading has-text-align-center has-theme-palette-1-color has-text-color has-link-color has-large-font-size wp-elements-126f6e7bf36ec8aae98fe9995dde746b\"><strong><strong>Equipamiento Propio para Reducir Costos<\/strong><\/strong><\/h2>\n\n\n\n<p class=\"has-medium-font-size\"><strong>Disponemos de cabrestante, roller air bags y tractor propios. Al no depender de intermediarios, eliminamos costos adicionales y garantizamos una mayor eficiencia y control en cada etapa del proceso de varada y botadura.<\/strong><\/p>\n<\/div>\n\n\n\n<div class=\"wp-block-column is-vertically-aligned-center is-layout-flow wp-block-column-is-layout-flow\">\n<div id=\"equipamiento-carousel\" style=\"width:100%; max-width:450px; margin:auto; position:relative; height:300px; overflow:hidden;\">\n  <img decoding=\"async\" src=\"https:\/\/repnavpy.com.py\/wp-content\/uploads\/2025\/10\/infraestructura-03.png\" style=\"width:100%; height:300px; object-fit:cover; display:block; position:absolute;top:0;left:0;\" class=\"equipamiento-slide\" \/>\n  <img decoding=\"async\" src=\"https:\/\/repnavpy.com.py\/wp-content\/uploads\/2025\/10\/infraestructura-02.png\" style=\"width:100%; height:300px; object-fit:cover; display:none; position:absolute;top:0;left:0;\" class=\"equipamiento-slide\" \/>\n  <img decoding=\"async\" src=\"https:\/\/repnavpy.com.py\/wp-content\/uploads\/2025\/10\/infraestructura-01.png\" style=\"width:100%; height:300px; object-fit:cover; display:none; position:absolute;top:0;left:0;\" class=\"equipamiento-slide\" \/>\n<\/div>\n<script>\nlet curr=0, imgs=document.querySelectorAll('.equipamiento-slide');\nfunction showNext(){\n  imgs[curr].style.display='none';\n  curr=(curr+1)%imgs.length;\n  imgs[curr].style.display='block';\n}\nsetInterval(showNext, 2200);\n<\/script>\n\n\n<\/div>\n<\/div>\n\n\n\n<div class=\"wp-block-group is-nowrap is-layout-flex wp-container-core-group-is-layout-ad2f72ca wp-block-group-is-layout-flex\">\n<h2 class=\"wp-block-heading\"> <\/h2>\n<\/div>\n\n\n\n<div class=\"wp-block-columns is-layout-flex wp-container-core-columns-is-layout-9d6595d7 wp-block-columns-is-layout-flex\">\n<div class=\"wp-block-column is-vertically-aligned-center is-layout-flow wp-block-column-is-layout-flow\">\n<iframe src=\"https:\/\/www.google.com\/maps\/embed?pb=!1m18!1m12!1m3!1d763.6254300423419!2d-57.66954310009213!3d-25.311381989491814!2m3!1f0!2f0!3f0!3m2!1i1024!2i768!4f13.1!3m3!1m2!1s0x945d070008d63e8d%3A0x708c98d4584ccf28!2sASTILLERO%20REPNAVPY!5e0!3m2!1ses-419!2spy!4v1760638039064!5m2!1ses-419!2spy\" width=\"500\" height=\"300\" style=\"border:0;\" allowfullscreen=\"\" loading=\"lazy\" referrerpolicy=\"no-referrer-when-downgrade\"><\/iframe>\n<\/div>\n\n\n\n<div class=\"wp-block-column is-vertically-aligned-center is-layout-flow wp-block-column-is-layout-flow\">\n<h1 class=\"wp-block-heading has-text-align-center has-theme-palette-1-color has-text-color has-link-color wp-elements-62a636d6232b277d75b2ae28731aaafe\"><strong>Ubicaci\u00f3n Estrat\u00e9gica<\/strong><\/h1>\n\n\n\n<p class=\"has-medium-font-size\"><strong>Nuestro astillero goza de una ubicaci\u00f3n privilegiada sobre el R\u00edo Paraguay, con f\u00e1cil acceso tanto fluvial como terrestre. Esta cercan\u00eda a los principales centros log\u00edsticos nos permite optimizar la cadena de suministro y ofrecer respuestas m\u00e1s r\u00e1pidas.<\/strong><\/p>\n<\/div>\n<\/div>\n\n\n\n<div class=\"wp-block-cover alignfull wp-duotone-rgb3643151-rgb61136255-2\" style=\"margin-top:0;padding-top:4vw;padding-right:4vw;padding-bottom:4vw;padding-left:4vw;min-height:649px;aspect-ratio:unset;\"><img decoding=\"async\" class=\"wp-block-cover__image-background wp-image-334\" alt=\"\" src=\"https:\/\/pd.w.org\/2022\/01\/2661f82cd1ba9172.16386413.jpg\" style=\"object-position:50% 51%\" data-object-fit=\"cover\" data-object-position=\"50% 51%\"\/><span aria-hidden=\"true\" class=\"wp-block-cover__background has-background-dim-90 has-background-dim\" style=\"background-color:#2c3066\"><\/span><div class=\"wp-block-cover__inner-container is-layout-flow wp-block-cover-is-layout-flow\">\n<div class=\"wp-block-group\"><div class=\"wp-block-group__inner-container is-layout-flow wp-block-group-is-layout-flow\">\n<p class=\"has-text-align-center has-text-color\" style=\"color:#ffb23d;font-size:80px\"><mark style=\"background-color:rgba(0, 0, 0, 0)\" class=\"has-inline-color has-theme-palette-7-color\"><strong>\u00bfListo para optimizar el rendimiento de su flota?<\/strong><\/mark><\/p>\n<\/div><\/div>\n\n\n\n<p><\/p>\n\n\n\n<div class=\"wp-block-group\"><div class=\"wp-block-group__inner-container is-layout-flow wp-block-group-is-layout-flow\">\n<div class=\"wp-block-buttons is-content-justification-center is-layout-flex wp-container-core-buttons-is-layout-16018d1d wp-block-buttons-is-layout-flex\">\n<div class=\"wp-block-button\"><a class=\"wp-block-button__link has-theme-palette-7-color has-text-color has-background has-custom-font-size wp-element-button\" href=\"https:\/\/repnavpy.com.py\/index.php\/contacto\/\" style=\"background-color:#f16c00;padding-top:32px;padding-right:48px;padding-bottom:32px;padding-left:48px;font-size:30px;font-style:normal;font-weight:800;letter-spacing:1px;text-transform:uppercase\">solicitar cotizacion<\/a><\/div>\n<\/div>\n<\/div><\/div>\n<\/div><\/div>\n\n\n\n<p><\/p>\n","protected":false},"excerpt":{"rendered":"<p>Capacidad para Operar sin Pausas 6 Barcazas en simult\u00e1neo Contamos con la capacidad para operar en hasta 6 barcazas de forma simult\u00e1nea (4 en seco y 2 a flote), optimizando sus tiempos y reduciendo la inactividad de su flota. Nuestro varadero cuenta con 180 metros de longitud y 40 metros de ancho, ofreciendo un espacio&#8230;<\/p>\n","protected":false},"author":1,"featured_media":0,"parent":0,"menu_order":0,"comment_status":"closed","ping_status":"closed","template":"","meta":{"_kadence_starter_templates_imported_post":false,"_kad_post_transparent":"default","_kad_post_title":"default","_kad_post_layout":"default","_kad_post_sidebar_id":"","_kad_post_content_style":"default","_kad_post_vertical_padding":"default","_kad_post_feature":"","_kad_post_feature_position":"","_kad_post_header":false,"_kad_post_footer":false,"footnotes":""},"class_list":["post-62","page","type-page","status-publish","hentry"],"_links":{"self":[{"href":"https:\/\/repnavpy.com.py\/index.php\/wp-json\/wp\/v2\/pages\/62","targetHints":{"allow":["GET"]}}],"collection":[{"href":"https:\/\/repnavpy.com.py\/index.php\/wp-json\/wp\/v2\/pages"}],"about":[{"href":"https:\/\/repnavpy.com.py\/index.php\/wp-json\/wp\/v2\/types\/page"}],"author":[{"embeddable":true,"href":"https:\/\/repnavpy.com.py\/index.php\/wp-json\/wp\/v2\/users\/1"}],"replies":[{"embeddable":true,"href":"https:\/\/repnavpy.com.py\/index.php\/wp-json\/wp\/v2\/comments?post=62"}],"version-history":[{"count":21,"href":"https:\/\/repnavpy.com.py\/index.php\/wp-json\/wp\/v2\/pages\/62\/revisions"}],"predecessor-version":[{"id":222,"href":"https:\/\/repnavpy.com.py\/index.php\/wp-json\/wp\/v2\/pages\/62\/revisions\/222"}],"wp:attachment":[{"href":"https:\/\/repnavpy.com.py\/index.php\/wp-json\/wp\/v2\/media?parent=62"}],"curies":[{"name":"wp","href":"https:\/\/api.w.org\/{rel}","templated":true}]}}